81?
1
What is the thousands digit of 57345?
7
What is the tens digit of 236162?
6
What is the hundreds digit of 1585456?
4
What is the thousands digit of 251331?
1
What is the hundreds digit of 209675?
6
What is the ten thousands digit of 1233721?
3
What is the hundred thousands digit of 911200?
9
What is the thousands digit of 15583?
5
What is the units digit of 11264682?
2
What is the ten thousands digit of 2094580?
9
What is the ten millions digit of 18381445?
1
What is the hundreds digit of 2349297?
2
What is the ten thousands digit of 2197227?
9
What is the millions digit of 2360850?
2
What is the hundreds digit of 896027?
0
What is the tens digit of 4225421?
2
What is the ten thousands digit of 1987371?
8
What is the tens digit of 251487?
8
What is the ten thousands digit of 224279?
2
What is the thousands digit of 2427794?
7
What is the tens digit of 121647?
4
What is the hundreds digit of 1331070?
0
What is the millions digit of 4727345?
4
What is the hundreds digit of 854552?
5
What is the hundred thousands digit of 2971354?
9
What is the units digit of 25002177?
7
What is the tens digit of 1331702?
0
What is the thousands digit of 411902?
1
What is the ten thousands digit of 45764?
4
What is the ten thousands digit of 13410208?
1
What is the millions digit of 4366392?
4
What is the units digit of 786970?
0
What is the tens digit of 1781649?
4
What is the tens digit of 54069?
6
What is the hundred thousands digit of 328058?
3
What is the ten thousands digit of 102918?
0
What is the hundred thousands digit of 713860?
7
What is the ten thousands digit of 69978?
6
What is the hundred thousands digit of 27259528?
2
What is the thousands digit of 583740?
3
What is the hundreds digit of 24004079?
0
What is the thousands digit of 3713420?
3
What is the thousands digit of 15686?
5
What is the hundreds digit of 2090297?
2
What is the units digit of 1905735?
5
What is the hundred thousands digit of 162727?
1
What is the hundred thousands digit of 903446?
9
What is the hundreds digit of 1719159?
1
What is the units digit of 3625536?
6
What is the tens digit of 5977488?
8
What is the hundreds digit of 4380010?
0
What is the hundred thousands digit of 3068100?
0
What is the tens digit of 1627325?
2
What is the thousands digit of 3021106?
1
What is the ten thousands digit of 18566030?
6
What is the ten millions digit of 10202466?
1
What is the tens digit of 26254039?
3
What is the tens digit of 178368?
6
What is the thousands digit of 153109?
3
What is the tens digit of 244794?
9
What is the units digit of 55812?
2
What is the ten millions digit of 10606512?
1
What is the units digit of 350701?
1
What is the units digit of 295612?
2
What is the thousands digit of 234133?
4
What is the thousands digit of 5788585?
8
What is the thousands digit of 514782?
4
What is the thousands digit of 886880?
6
What is the hundred thousands digit of 207891?
2
What is the tens digit of 68292?
9
What is the millions digit of 1770799?
1
What is the thousands digit of 115128?
5
What is the thousands digit of 2445489?
5
What is the units digit of 3871692?
2
What is the ten thousands digit of 499966?
9
What is the thousands digit of 3588831?
8
What is the hundred thousands digit of 2201430?
2
What is the units digit of 12810296?
6
What is the thousands digit of 356750?
6
What is the thousands digit of 3196210?
6
What is the ten thousands digit of 538935?
3
What is the hundreds digit of 3597079?
0
What is the ten thousands digit of 376690?
7
What is the tens digit of 240307?
0
What is the thousands digit of 1071136?
1
What is the hundred thousands digit of 3097421?
0
What is the ten thousands digit of 149917?
4
What is the units digit of 5940543?
3
What is the thousands digit of 16584?
6
What is the thousands digit of 1024603?
4
What is the hundreds digit of 584489?
4
What is the tens digit of 411473?
7
What is the thousands digit of 5907552?
7
What is the thousands digit of 7196986?
6
What is the hundred thousands digit of 621324?
6
What is the hundreds digit of 389297?
2
What is the ten thousands digit of 2006630?
0
What is the millions digit of 12270003?
2
What is the ten thousands digit of 507515?
0
What is the hundred thousands digit of 130657?
1
What is the tens digit of 33945984?
8
What is the units digit of 1332158?
8
What is the tens digit of 25722848?
4
What is the millions digit of 12216337?
2
What is the ten thousands digit of 327115?
2
What is the millions digit of 10499498?
0
What is the hundred thousands digit of 4877613?
8
What is the tens digit of 370701?
0
What is the hundreds digit of 3594551?
5
What is the units digit of 571407?
7
What is the ten thousands digit of 14296674?
9
What is the tens digit of 1826374?
7
What is the tens digit of 825426?
2
What is the hundreds digit of 251063?
0
What is the tens digit of 6627057?
5
What is the ten millions digit of 13619447?
1
What is the ten thousands digit of 662951?
6
What is the tens digit of 834751?
5
What is the thousands digit of 4768881?
8
What is the ten thousands digit of 654717?
5
What is the millions digit of 2339452?
2
What is the tens digit of 3661357?
5
What is the tens digit of 959739?
3
What is the hundreds digit of 164698?
6
What is the hundred thousands digit of 837667?
8
What is the units digit of 223556?
6
What is the ten thousands digit of 324280?
2
What is the tens digit of 14373784?
8
What is the ten millions digit of 30365805?
3
What is the ten thousands digit of 32248173?
4
What is the units digit of 8930486?
6
What is the hundred thousands digit of 1098562?
0
What is the millions digit of 1358151?
1
What is the hundreds digit of 820437?
4
What is the hundred thousands digit of 10468383?
4
What is the hundred thousands digit of 2152122?
1
What is the tens digit of 3446754?
5
What is the thousands digit of 7911009?
1
What is the tens digit of 1724701?
0
What is the units digit of 169065?
5
What is the units digit of 5035554?
4
What is the ten thousands digit of 118841?
1
What is the thousands digit of 32156908?
6
What is the hundreds digit of 72340?
3
What is the ten thousands digit of 240994?
4
What is the ten thousands digit of 117060?
1
What is the thousands digit of 7436657?
6
What is the tens digit of 441882?
8
What is the tens digit of 397073?
7
What is the hundred thousands digit of 354795?
3
What is the tens digit of 15495530?
3
What is the millions digit of 9359809?
9
What is the thousands digit of 5704838?
4
What is the tens digit of 473141?
4
What is the tens digit of 4226906?
0
What is the tens digit of 742971?
7
What is the thousands digit of 57498?
7
What is the thousands digit of 48032?
8
What is the thousands digit of 605131?
5
What is the hundreds digit of 425699?
6
What is the thousands digit of 873559?
3
What is the hundreds digit of 235474?
4
What is the hundreds digit of 139828?
8
What is the hundred thousands digit of 1033285?
0
What is the ten thousands digit of 9970305?
7
What is the units digit of 501121?
1
What is the thousands digit of 2853195?
3
What is the ten millions digit of 25371861?
2
What is the units digit of 491973?
3
What is the ten thousands digit of 4726867?
2
What is the units digit of 139090?
0
What is the hundred thousands digit of 1492776?
4
What is the units digit of 844104?
4
What is the millions digit of 1062413?
1
What is the millions digit of 3949920?
3
What is the hundreds digit of 2358129?
1
What is the thousands digit of 609006?
9
What is the hundred thousands digit of 258018?
2
What is the tens digit of 127655?
5
What is the hundreds digit of 277407?
4
What is the units digit of 4802541?
1
What is the units digit of 13504977?
7
What is the tens digit of 18969215?
1
What is the hundred thousands digit of 5704206?
7
What is the ten thousands digit of 103350?
0
What is the units digit of 24685465?
5
What is the hundreds digit of 18367171?
1
What is the thousands digit of 3087563?
7
What is the millions digit of 2662838?
2
What is the hundreds digit of 1200797?
7
What is the hundreds digit of 5722?
7
What is the millions digit of 3713658?
3
What is the tens digit of 1635280?
8
What is the tens digit of 6765268?
6
What is the tens digit of 343866?
6
What is the ten thousands digit of 1372565?
7
What is the units digit of 1175395?
5
W